{"id":68,"date":"2025-10-28T10:48:19","date_gmt":"2025-10-28T10:48:19","guid":{"rendered":"https:\/\/lacave-ariege.fr\/?page_id=68"},"modified":"2026-01-16T09:05:23","modified_gmt":"2026-01-16T09:05:23","slug":"mon-village","status":"publish","type":"page","link":"https:\/\/lacave-ariege.fr\/?page_id=68","title":{"rendered":"Mon village"},"content":{"rendered":"\n<h2 class=\"wp-block-heading\">\ud83c\udfdb\ufe0f Histoire de la Mairie de Lacave<\/h2>\n\n\n\n<h3 class=\"wp-block-heading\">Un village ancien au c\u0153ur du Couserans<\/h3>\n\n\n\n<p><span class=\"has-superb-addons-text-align-justify\">Situ\u00e9e en bordure du Salat, dans le cadre verdoyant du Couserans, la commune de <strong>Lacave<\/strong> poss\u00e8de une histoire riche et ancienne.<\/span><\/p>\n\n\n\n<p><span class=\"has-superb-addons-text-align-justify\">Ses origines remontent au XIII\u1d49 si\u00e8cle : en 1273, un <strong>acte de par\u00e9age<\/strong> est sign\u00e9 entre le comte Bernard VI de Comminges et trois seigneurs locaux. Cet accord marque la naissance du village autour d\u2019un <strong>castrum<\/strong> (place fortifi\u00e9e) et d\u2019un <strong>moulin<\/strong> construit sur les rives du Salat. Lacave s\u2019est ainsi d\u00e9velopp\u00e9e gr\u00e2ce \u00e0 son emplacement strat\u00e9gique entre les vall\u00e9es agricoles et les voies de passage du Couserans.<\/span><\/p>\n\n\n\n<hr class=\"wp-block-separator has-text-color has-primary-color has-alpha-channel-opacity has-primary-background-color has-background\"\/>\n\n\n\n<h3 class=\"wp-block-heading\">Une commune rurale et industrieuse<\/h3>\n\n\n\n<div class=\"wp-block-columns is-layout-flex wp-container-core-columns-is-layout-28f84493 wp-block-columns-is-layout-flex\">\n<div class=\"wp-block-column is-layout-flow wp-block-column-is-layout-flow\" style=\"flex-basis:66.66%\">\n<figure class=\"wp-block-image size-full\"><img loading=\"lazy\" decoding=\"async\" width=\"1024\" height=\"646\" src=\"https:\/\/lacave-ariege.fr\/wp-content\/uploads\/2025\/10\/a5ef12d0-e329-43ec-8f4e-d8e45e168df3.jpg\" alt=\"\" class=\"wp-image-80\" srcset=\"https:\/\/lacave-ariege.fr\/wp-content\/uploads\/2025\/10\/a5ef12d0-e329-43ec-8f4e-d8e45e168df3.jpg 1024w, https:\/\/lacave-ariege.fr\/wp-content\/uploads\/2025\/10\/a5ef12d0-e329-43ec-8f4e-d8e45e168df3-300x189.jpg 300w, https:\/\/lacave-ariege.fr\/wp-content\/uploads\/2025\/10\/a5ef12d0-e329-43ec-8f4e-d8e45e168df3-768x485.jpg 768w\" sizes=\"auto, (max-width: 1024px) 100vw, 1024px\" \/><figcaption class=\"wp-element-caption\"><span class=\"has-superb-addons-text-align-justify\"><strong>Usine de chaux et de ciment<\/strong><\/span><\/figcaption><\/figure>\n<\/div>\n\n\n\n<div class=\"wp-block-column is-layout-flow wp-block-column-is-layout-flow\" style=\"flex-basis:33.33%\">\n<p><span class=\"has-superb-addons-text-align-justify\">Pendant plusieurs si\u00e8cles, <strong>l\u2019agriculture<\/strong> et la <strong>meunerie<\/strong> ont rythm\u00e9 la vie du village.<br>\u00c0 partir du XIX\u1d49 si\u00e8cle, la r\u00e9gion conna\u00eet une p\u00e9riode d\u2019activit\u00e9 industrielle, notamment avec la fondation d\u2019une <strong>usine de chaux et de ciment<\/strong> (vers 1875), dont les retomb\u00e9es \u00e9conomiques ont marqu\u00e9 durablement le territoire.Malgr\u00e9 les \u00e9volutions du monde rural, Lacave a su conserver son caract\u00e8re authentique et son attachement \u00e0 la terre.<\/span><\/p>\n<\/div>\n<\/div>\n\n\n\n<hr class=\"wp-block-separator has-text-color has-primary-color has-alpha-channel-opacity has-primary-background-color has-background\"\/>\n\n\n\n<h3 class=\"wp-block-heading\">La mairie : un symbole de proximit\u00e9<\/h3>\n\n\n\n<p><span class=\"has-superb-addons-text-align-justify\">\u00c9difi\u00e9e dans la partie centrale du village, <strong>la mairie de Lacave<\/strong> est le c\u0153ur administratif et citoyen de la commune, elle abrite les services municipaux, l\u2019\u00e9tat civil, la gestion des travaux communaux et l\u2019organisation de la vie locale.<\/span><\/p>\n\n\n\n<p><br><span class=\"has-superb-addons-text-align-justify\">Le <strong>maire actuel, St\u00e9phane Garnier<\/strong>, \u00e9lu pour la p\u00e9riode 2020-2026, poursuit la mission de ses pr\u00e9d\u00e9cesseurs : entretenir la vitalit\u00e9 du village et pr\u00e9server son patrimoine.<\/span><\/p>\n\n\n\n<hr class=\"wp-block-separator has-text-color has-primary-color has-alpha-channel-opacity has-primary-background-color has-background\"\/>\n\n\n\n<h3 class=\"wp-block-heading\">Une commune tourn\u00e9e vers l\u2019avenir<\/h3>\n\n\n\n<div class=\"wp-block-columns is-layout-flex wp-container-core-columns-is-layout-28f84493 wp-block-columns-is-layout-flex\">\n<div class=\"wp-block-column is-layout-flow wp-block-column-is-layout-flow\" style=\"flex-basis:33.33%\">\n<p><span class=\"has-superb-addons-text-align-justify\">Aujourd\u2019hui, Lacave reste une <strong>petite commune dynamique<\/strong> du Couserans.<br>Sa mairie incarne les valeurs de <strong>proximit\u00e9, de simplicit\u00e9 et de solidarit\u00e9<\/strong> propres \u00e0 la vie rurale.<br>\u00c0 travers ses projets et son engagement, la commune s\u2019attache \u00e0 pr\u00e9server son identit\u00e9 tout en pr\u00e9parant l\u2019avenir : am\u00e9liorer les services aux habitants, renforcer le lien social et soutenir les initiatives locales.<\/span><\/p>\n<\/div>\n\n\n\n<div class=\"wp-block-column is-layout-flow wp-block-column-is-layout-flow\" style=\"flex-basis:66.66%\">\n<figure class=\"wp-block-image size-full\"><img loading=\"lazy\" decoding=\"async\" width=\"1045\" height=\"784\" src=\"https:\/\/lacave-ariege.fr\/wp-content\/uploads\/2025\/12\/Capture-decran-2025-12-03-103758.png\" alt=\"\" class=\"wp-image-129\" srcset=\"https:\/\/lacave-ariege.fr\/wp-content\/uploads\/2025\/12\/Capture-decran-2025-12-03-103758.png 1045w, https:\/\/lacave-ariege.fr\/wp-content\/uploads\/2025\/12\/Capture-decran-2025-12-03-103758-300x225.png 300w, https:\/\/lacave-ariege.fr\/wp-content\/uploads\/2025\/12\/Capture-decran-2025-12-03-103758-1024x768.png 1024w, https:\/\/lacave-ariege.fr\/wp-content\/uploads\/2025\/12\/Capture-decran-2025-12-03-103758-768x576.png 768w\" sizes=\"auto, (max-width: 1045px) 100vw, 1045px\" \/><figcaption class=\"wp-element-caption\">La mairie<\/figcaption><\/figure>\n<\/div>\n<\/div>\n\n\n\n<hr class=\"wp-block-separator has-text-color has-primary-color has-alpha-channel-opacity has-primary-background-color has-background\"\/>\n\n\n\n<h3 class=\"wp-block-heading\">Informations pratiques<\/h3>\n\n\n\n<p><span class=\"has-superb-addons-text-align-justify\"><strong>Adresse :<\/strong> 09160 Lacave (Ari\u00e8ge)<br><strong>Arrondissement :<\/strong> Saint-Girons<br><strong>Canton :<\/strong> Portes du Couserans<br><strong>Habitants :<\/strong> Les Lacavois et Lacavoises<\/span><\/p>\n\n\n\n<p><\/p>\n","protected":false},"excerpt":{"rendered":"<p>\ud83c\udfdb\ufe0f Histoire de la Mairie de Lacave Un village ancien au c\u0153ur du Couserans Situ\u00e9e en bordure du Salat, dans le cadre verdoyant du Couserans, la commune de Lacave poss\u00e8de une histoire riche et ancienne. Ses origines remontent au XIII\u1d49 si\u00e8cle : en 1273, un acte de par\u00e9age est sign\u00e9 entre le comte Bernard VI [&hellip;]<\/p>\n","protected":false},"author":1,"featured_media":0,"parent":0,"menu_order":0,"comment_status":"closed","ping_status":"closed","template":"","meta":{"footnotes":""},"class_list":["post-68","page","type-page","status-publish","hentry"],"_links":{"self":[{"href":"https:\/\/lacave-ariege.fr\/index.php?rest_route=\/wp\/v2\/pages\/68","targetHints":{"allow":["GET"]}}],"collection":[{"href":"https:\/\/lacave-ariege.fr\/index.php?rest_route=\/wp\/v2\/pages"}],"about":[{"href":"https:\/\/lacave-ariege.fr\/index.php?rest_route=\/wp\/v2\/types\/page"}],"author":[{"embeddable":true,"href":"https:\/\/lacave-ariege.fr\/index.php?rest_route=\/wp\/v2\/users\/1"}],"replies":[{"embeddable":true,"href":"https:\/\/lacave-ariege.fr\/index.php?rest_route=%2Fwp%2Fv2%2Fcomments&post=68"}],"version-history":[{"count":14,"href":"https:\/\/lacave-ariege.fr\/index.php?rest_route=\/wp\/v2\/pages\/68\/revisions"}],"predecessor-version":[{"id":216,"href":"https:\/\/lacave-ariege.fr\/index.php?rest_route=\/wp\/v2\/pages\/68\/revisions\/216"}],"wp:attachment":[{"href":"https:\/\/lacave-ariege.fr\/index.php?rest_route=%2Fwp%2Fv2%2Fmedia&parent=68"}],"curies":[{"name":"wp","href":"https:\/\/api.w.org\/{rel}","templated":true}]}}